35802?
False
Does 99 divide 3612?
False
Is 52 a factor of 1716?
True
Is 259 a factor of 18129?
False
Is 105 a factor of 2520?
True
Is 1515 a multiple of 6?
False
Does 42 divide 6929?
False
Is 4 a factor of 60?
True
Is 600 a multiple of 15?
True
Does 16 divide 5072?
True
Is 61 a multiple of 10?
False
Is 11 a factor of 4455?
True
Does 17 divide 204?
True
Does 9 divide 5913?
True
Is 10 a factor of 17483?
False
Is 6383 a multiple of 13?
True
Does 29 divide 817?
False
Is 6 a factor of 502?
False
Does 145 divide 11220?
False
Does 12 divide 144?
True
Does 10 divide 12200?
True
Does 43 divide 201?
False
Does 17 divide 25024?
True
Is 1269 a multiple of 77?
False
Is 108 a factor of 924?
False
Is 60 a multiple of 3?
True
Is 378 a multiple of 9?
True
Is 8 a factor of 336?
True
Is 96 a factor of 9220?
False
Does 10 divide 6440?
True
Is 6 a factor of 295?
False
Does 7 divide 437?
False
Is 3080 a multiple of 101?
False
Does 67 divide 3310?
False
Is 885 a multiple of 59?
True
Is 7 a factor of 1052?
False
Is 53 a factor of 3199?
False
Does 16 divide 1253?
False
Is 1104 a multiple of 6?
True
Is 15 a factor of 1590?
True
Is 37 a factor of 18892?
False
Is 25 a multiple of 20?
False
Does 179 divide 2638?
False
Is 152 a factor of 28641?
False
Is 21 a factor of 63?
True
Is 998 a multiple of 90?
False
Does 10 divide 1020?
True
Is 84186 a multiple of 43?
False
Is 39 a factor of 1209?
True
Is 38880 a multiple of 36?
True
Does 35 divide 840?
True
Does 95 divide 4655?
True
Does 8 divide 232?
True
Does 77 divide 10650?
False
Does 13 divide 1197?
False
Is 195 a factor of 43706?
False
Is 89 a factor of 178?
True
Is 2955 a multiple of 14?
False
Is 5720 a multiple of 10?
True
Does 242 divide 9558?
False
Does 20 divide 100?
True
Does 40 divide 494?
False
Is 10 a factor of 187?
False
Is 60 a multiple of 6?
True
Is 19 a factor of 1503?
False
Does 23 divide 26174?
True
Is 155 a multiple of 4?
False
Is 42718 a multiple of 28?
False
Is 1694 a multiple of 6?
False
Is 184 a factor of 736?
True
Is 8 a factor of 19709?
False
Is 16779 a multiple of 7?
True
Is 8334 a multiple of 18?
True
Is 1360 a multiple of 44?
False
Does 22 divide 163?
False
Is 2241 a multiple of 3?
True
Does 6 divide 661?
False
Is 40392 a multiple of 22?
True
Is 240 a multiple of 5?
True
Is 14160 a multiple of 10?
True
Is 20 a factor of 90364?
False
Is 18 a factor of 2174?
False
Is 1172 a multiple of 56?
False
Does 12 divide 745?
False
Is 45 a factor of 547?
False
Is 672 a multiple of 42?
True
Is 65 a factor of 11103?
False
Is 9 a factor of 414?
True
Is 7238 a multiple of 5?
False
Does 44 divide 1379?
False
Is 471 a multiple of 3?
True
Is 44 a factor of 482?
False
Is 109 a factor of 6322?
True
Is 17 a factor of 7633?
True
Is 1355 a multiple of 2?
False
Is 958 a multiple of 31?
False
Is 10 a factor of 7898?
False
Does 3 divide 711?
True
Is 1815 a multiple of 55?
True
Does 20 divide 120?
True
Does 7 divide 7578?
False
Is 616 a multiple of 49?
False
Does 5 divide 492?
False
Does 10 divide 6859?
False
Is 9 a factor of 3085?
False
Is 1988 a multiple of 7?
True
Is 1254 a multiple of 22?
True
Is 1769 a multiple of 16?
False
Does 8 divide 13442?
False
Is 14 a factor of 846?
False
Is 17 a factor of 391?
True
Does 17 divide 391?
True
Does 5 divide 685?
True
Is 14867 a multiple of 27?
False
Is 33 a factor of 1056?
True
Is 10678 a multiple of 19?
True
Is 48 a factor of 624?
True
Is 11400 a multiple of 95?
True
Does 13 divide 37453?
True
Is 840 a multiple of 3?
True
Is 1154 a multiple of 12?
False
Is 1223 a multiple of 42?
False
Is 34 a factor of 24582?
True
Is 38 a factor of 304?
True
Is 12516 a multiple of 152?
False
Does 36 divide 1545?
False
Does 17 divide 1998?
False
Is 2123 a multiple of 15?
False
Is 13 a factor of 958?
False
Does 13 divide 453?
False
Is 3 a factor of 576?
True
Does 22 divide 1211?
False
Does 20 divide 2528?
False
Is 42 a factor of 1239?
False
Is 8 a factor of 109?
False
Does 44 divide 25256?
True
Does 15 divide 450?
True
Is 216 a multiple of 18?
True
Is 116 a factor of 3244?
False
Does 5 divide 560?
True
Is 20672 a multiple of 136?
True
Is 31 a multiple of 10?
False
Is 70 a factor of 6230?
True
Is 620 a multiple of 31?
True
Is 2014 a multiple of 38?
True
Does 116 divide 1392?
True
Does 129 divide 2322?
True
Is 4605 a multiple of 13?
False
Is 73 a factor of 1752?
True
Does 27 divide 5454?
True
Is 12312 a multiple of 22?
False
Does 55 divide 1069?
False
Does 14 divide 162?
False
Is 16 a factor of 1166?
False
Is 18 a factor of 2935?
False
Is 682 a multiple of 5?
False
Is 15 a factor of 1215?
True
Does 32 divide 3232?
True
Is 15 a factor of 903?
False
Does 51 divide 918?
True
Does 137 divide 6850?
True
Is 24 a factor of 19608?
True
Does 23 divide 21239?
False
Is 39 a factor of 25430?
False
Is 11348 a multiple of 6?
False
Is 52 a factor of 1404?
True
Is 113 even?
False
Is 129 a multiple of 7?
False
Is 384 a multiple of 6?
True
Is 700 a multiple of 10?
True
Does 8 divide 1221?
False
Does 38 divide 1030?
False
Is 75 a factor of 3947?
False
Is 372 a multiple of 56?
False
Does 90 divide 10730?
False
Is 2015 a multiple of 41?
False
Is 14 a factor of 922?
False
Is 21 a factor of 52500?
True
Does 46 divide 506?
True
Is 581 a multiple of 51?
False
Does 19 divide 2907?
True
Does 90 divide 58545?
False
Is 10 a factor of 446?
False
Does 80 divide 27360?
True
Does 11 divide 67?
False
Is 1726 a multiple of 68?
False
Does 11 divide 31724?
True
Is 5 a factor of 1390?
True
Is 5928 a multiple of 4?
True
Does 224 divide 48812?
False
Does 25 divide 5392?
False
Does 4 divide 661?
False
Does 25 divide 104500?
True
Does 46 divide 887?
False
Is 45 a factor of 20697?
False
Is 1750 a multiple of 14?
True
Is 6 a factor of 90?
True
Is 21 a multiple of 2?
False
Is 54 a factor of 1188?
True
Is 26 a factor of 2886?
True
Is 100 a factor of 1439?
False
Does 9 divide 9247?
False
Is 640 a multiple of 40?
True
Is 3895 a multiple of 91?
False
Does 235 divide 2191?
False
Does 37 divide 14135?
False
Is 3655 a multiple of 85?
True
Does 21 divide 1134?
True
Is 15 a factor of 4200?
True
Does 33 divide 6732?
True
Is 1917 a multiple of 71?
True
Is 430 a multiple of 25?
False
Does 15 divide 29978?
False
Does 16 divide 32?
True
Is 6 a factor of 6150?
True
Is 10 a factor of 3053?
False
Does 7 divide 763?
True
Is 1780 a multiple of 31?
False
Is 46 a factor of 1426?
True
Is 14 a factor of 224?
True
Is 6748 a multiple of 7?
True
Does 9 divide 108?
True
Is 14 a factor of 20762?
True
Does 96 divide 1248?
True
Is 7 a factor of 8527?
False
Does 8 divide 7560?
True
Does 52 divide 14897?
False
Does 22 divide 1985?
False
Is 300 a multiple of 60?
True
Is 901 even?
False
Does 17 divide 663?
True
Is 54 a factor of 1566?
True
Is 4043 a multiple of 80?
False
Is 32 a factor of 16960?
True
Does 31 divide 1331?
False
Is 14 a factor of 698?
False
Does 46 divide 4318?
False
Is 8 a factor of 14680?
True
Is 353 a multiple of 29?
False
Does 221 divide 11713?
True
Is 18 a factor of 26982?
True
Does 64 divide 2534?
False
Is 25974 a multiple of 111?
True
Is 39 a factor of 273?
True
Is 1023 a multiple of 11?
True
Is 24140 a multiple of 71?
True
Is 212 a factor of 54696?
True
Is 48 a factor of 2846?
False
Does 18 divide 68993?
False
Is 17 a factor of 39718?
False
Is 19 a factor of 38139?
False
Is 11 a factor of 1793?
True
Is 667 a multiple of 18?
False
Is 26 a factor of 116?
False
Is 140 a factor of 1620?
False
Is 34 a factor of 1564?
True
Is 1878 a multiple of 3?
True
Is 2157 a multiple of 24?
False
Is 27808 a multiple of 32?
True
Is 101 a multiple of 3?
False
Is 1020 a multiple of 17?
True
Is 111 a factor of 16738?
False
Is 14 a factor of 3194?
False
Is 6825 a multiple of 25?
True
Is 57 a factor of 254?
False
Is 2 a factor of 2849?
False
Is 7 a factor of 266?
True
Is 6 a factor of 832?
False
Does 18 divide 14220?
True
Does 51 divide 63666?
False
Is 343 a multiple of 9?
False
Is 12 a factor of 6480?
True
Is 9 a factor of 10760?
False
Is 69 a multiple of 3?
True
Is 71 a factor of 37772?
True
Is 12 a factor of 624?
True
Is 49 a factor of 8085?
True
Does 102 divide 276?
False
Is 31221 a multiple of 37?
False
Is 228 a multiple of 12?
True
Is 98409 a multiple of 16?
False
Is 5742 a multiple of 3?
True
Is 42 a factor of 2885?
False
Is 1538 a multiple of 2?
True
Is 5652 a multiple of 